 4 = -7. Let o be l(x). Let z(t) = 2*t + 2. What is z(o)?
-6
Suppose -12 - 4 = 4*k, 0 = 4*o + 2*k + 24. Let m(p) = 4*p + 1. What is m(o)?
-15
Let s(n) be the third derivative of -n**4/6 + n**3/3 + 11*n**2. Determine s(2).
-6
Let z(r) be the second derivative of 3*r + 0 + r**3 + 1/2*r**2. Give z(-1).
-5
Let t(m) be the first derivative of -m**4/4 + 2*m**3/3 + m**2 + 2*m - 3. Let k(w) = w + 1. Let a be k(2). Calculate t(a).
-1
Let k(a) = -13*a**3 - 2*a**2 - 2*a - 1. Suppose 0 = -s - 4*r + 3, -3*s + 3*r - 7*r = -9. Suppose 0 = -3*u - s*x + 9, 0 = 2*x - 8. Calculate k(u).
12
Let i(z) = z**3 - 6*z**2 + 5*z - 1. Let g = 47 + -42. Give i(g).
-1
Let z = -27 - -16. Let m = 7 + z. Let t(v) = -2*v - 4. Determine t(m).
4
Let b(w) be the first derivative of w**2/2 + 12*w - 45. What is b(-11)?
1
Let u(v) be the third derivative of 1/60*v**5 + 0*v + 0 + 1/4*v**4 - 5/6*v**3 - 6*v**2. Determine u(-6).
-5
Let r(p) be the second derivative of -1/2*p**2 + 1/6*p**3 + 2*p + 0. What is r(-1)?
-2
Let f(n) = 2*n - 2. Suppose -p + 4*q + 0*q + 20 = 0, 3*p - 8 = -q. Suppose p*j + 2 - 14 = 0. Suppose 0*d - j*d = -9. Give f(d).
4
Let y = -12 + 17. Suppose -y*t - 9 = -8*t. Let q(l) = -l**2 + 2*l**2 - 2 - 3*l + 0*l. What is q(t)?
-2
Let s(p) = -p - p - 2 + p. Let x(g) = g**2 - 3*g - 2. Let c be x(4). Suppose -c = -l + 2. What is s(l)?
-6
Let o(z) be the first derivative of z**6/12 - z**4/24 + 3*z**2/2 + 2. Let m(i) be the second derivative of o(i). Calculate m(-1).
-9
Let k(g) be the first derivative of -g**2 - 2*g - 2. Let u(i) = 4*i**2 - 19*i - 1. Let h be u(5). Calculate k(h).
-10
Suppose 4*y = y + 3. Let d(t) be the third derivative of 7*t**5/60 - t**4/24 + t**3/6 - 21*t**2. What is d(y)?
7
Let v(h) = h. Suppose 0 = 3*g, g + 3 - 9 = -2*o. What is v(o)?
3
Suppose -5*u - 5*n + 15 = 0, -3*u + 5*n = 4*n - 9. Let c(z) be the second derivative of -z**3/3 - 3*z**2/2 + 2*z. Give c(u).
-9
Let z(l) = 3*l**2 + 3*l. Suppose -5*r + 4*r = -2. Let q = r + -5. Let d = q + 1. What is z(d)?
6
Let r(z) be the third derivative of z**4/24 + z**2. Let n(t) = 7*t + 1. Let v be (0 - (0 + 2))/2. Let w(c) = v*n(c) + 3*r(c). Calculate w(1).
-5
Let s(u) = -u**3 - 8*u**2 - 2*u. Let q be 7/(70/(-8))*70/7. What is s(q)?
16
Let n(v) = -v**3 + 6*v**2 + 7*v - 4. Suppose 5*m + 6 = z + 24, -5*m - 3 = -4*z. What is n(z)?
-4
Let s(i) be the first derivative of 1 - 2/3*i**3 - i**2 + 0*i + 1/60*i**5 + 0*i**4. Let o(h) be the second derivative of s(h). What is o(-3)?
5
Let g(b) = -5*b**3 - b**2 - b. Let t = -9 - -8. Give g(t).
5
Let y(k) = 1. Let h(g) = g - 3. Let s(t) = -4*h(t) - 11*y(t). Determine s(2).
-7
Let v be 21/(-1 + 4) - 3. Suppose v - 1 = -3*u. Let c(g) = g. Give c(u).
-1
Let n = 139 - 132. Let z(b) = b**3 - 6*b**2 - 3*b + 5. Calculate z(n).
33
Suppose 5*p - 5*y = 25, 1 = 3*p + 4*y + 7. Let h(c) = 82 - 82 + 4*c**p - 2*c. Let t be ((-2)/(-5))/((-1)/(-5)). Calculate h(t).
12
Let z(v) = 4*v**2 - 2*v - 3. Let o(r) = r**2. Let i(s) = 2*o(s) - z(s). Let h be (-10)/(-3)*(-6)/(-4). Suppose -4*a - 18 = f - h, 2*f - 2 = -a. Give i(f).
-9
Let c(i) be the second derivative of i**3/6 - 4*i**2 + i - 33. Calculate c(6).
-2
Let d be 6/9 + (-88)/6. Let i = d - -33. Suppose -3*a = 4 - i. Let l(u) = -u + 3. Calculate l(a).
-2
Let z(d) = -3*d + 1. Let i(b) = 8*b - 2. Let t(n) = -5*i(n) - 14*z(n). What is t(-7)?
-18
Let a = 0 + 2. Let m(f) = -9*f**a - 3*f + 3*f - f. Calculate m(1).
-10
Suppose 0 = 4*w + d + 1, 3*w - 4*d = -0*w + 4. Suppose w = 5*g - 0*g. Suppose g*l = -l - 4. Let b(c) = -2*c - 2. Calculate b(l).
6
Let j(m) be the first derivative of m**2 + 3*m + 40. Calculate j(-5).
-7
Let v be ((-3 - 15)/3)/(-1 - 1). Let d(f) = 5*f. What is d(v)?
15
Let h(z) = -z**2 - z + 4. Suppose 0 = a - 2*a. What is h(a)?
4
Let p(q) = 12*q**2 - 2*q - 1. Suppose 0 = -5*r + 2*n + 2, 3*r - 2*r - n + 2 = 0. Suppose 3*y - 1 + 8 = -4*m, -r*m = -2*y. Determine p(y).
13
Let i(q) be the first derivative of -2*q + 1/20*q**5 + 3/2*q**2 + 5/6*q**3 - 1 + 1/3*q**4. Let g(j) be the first derivative of i(j). Calculate g(-3).
-3
Suppose 2*z - 10 = 4*z - 4*l, 0 = z + l - 4. Let j = -1 + z. Let i(g) = -2*g**2 - g**3 + j*g**3 - 7 - 4*g**2 - 6*g. Determine i(-5).
-2
Let n(r) be the first derivative of r**4/4 - 5*r**3/3 + 3*r**2 - 4*r - 9. Give n(4).
4
Let u(g) = -g**2 + g - 6. Let j(h) = h + 8. Let w(k) = 9*k**3 + k**2 + k. Let m be w(-1). Let n be (-2)/(-6) + 75/m. Let i be j(n). Determine u(i).
-6
Suppose 5*w - 66 = -26. Let x(j) = j**2 - 9*j + 1. What is x(w)?
-7
Let q(a) = -3*a**2 - 7*a - 5. Let t(h) = -2*h**2 - 4*h - 2. Let f(y) = 3*q(y) - 5*t(y). Determine f(4).
7
Let n(h) = -h**2 + 1 - h + 2*h**2 + 0*h**2. Suppose z - 4 = 2*l + 4*z, 4*l + 8 = -5*z. Let m be -1*(-2 - l) + 1. Determine n(m).
1
Let r(u) = -u**2 - 4*u + 5. Let w be r(-5). Suppose -2 = -w*z + 2*z. Let p(i) = 3*i**2 + i + 1. What is p(z)?
3
Let o be (6/(-4))/(12/16). Let f(r) be the second derivative of 1/3*r**3 + 0 + 1/4*r**4 - 2*r + 1/2*r**2. What is f(o)?
9
Let j(h) be the third derivative of 0 - h**3 + 1/60*h**5 + 0*h + 5/24*h**4 - 7*h**2. Determine j(-6).
0
Let g(f) = -f**3 - 5*f**2 + 4*f - 7. Let n(z) = -3*z - 12. Let d be n(-8). Suppose -d = -w - w. Suppose -2*m = -w*m - 24. Determine g(m).
5
Let z(j) = 5 - 4*j + 2*j + 0*j. Let r be (1 - 0) + 6/2. Suppose -4*l - r*u = -7*u - 29, 5*u + 40 = 5*l. Give z(l).
-5
Let c(o) = 2*o - 8. Let j be c(8). Let r(b) = 5*b - j*b - 1 + 0. What is r(-4)?
11
Suppose 2*p - 3*p = -3. Let f(l) = p - 4*l - l**2 - 3. What is f(-2)?
4
Let r(c) = -c**2 + 8*c - 7. Suppose -k = 4*k - 15. Suppose 2*u = k + 1. Let t(q) = 3*q. Let j be t(u). Give r(j).
5
Let f(a) = 5*a**3 - 3*a**2 + 4*a + 2. Let i(z) = -4*z**3 + 4*z**2 - 5*z - 1. Let k(u) = -3*f(u) - 4*i(u). What is k(6)?
10
Let u(f) = f**2 - 8*f + 2. Let g be u(8). Let m be 4*(0 + 1/4). Let b(c) = -m + 0*c + 2*c + 3*c. Determine b(g).
9
Suppose -3*i + 10 = -i. Let x(k) = -1 + 8*k - i*k**2 + 3*k**2 + k**2 - 3*k. Calculate x(4).
3
Let h(w) = w**3 - 8*w**2 + w + 2. Let a be h(8). Let d(g) = -7*g + 7 - a + 2 - g**2. Give d(-5).
9
Let t = 23 + -22. Let u(z) = -z**2 + z. Let h(a) = 9*a**2 - 6*a. Let j(y) = -h(y) - 5*u(y). What is j(t)?
-3
Let f be 2/(6/21) - 1. Let t(x) = -2*x + x**2 - f + 2 + 3. Calculate t(-1).
2
Let v(n) = -4*n**2 + 2*n + 1. Let u = 2 + 0. Suppose -u*m = -0*m - 4. What is v(m)?
-11
Let j(y) = -4*y**2 + 3*y**2 + 1 - 64*y**3 + 63*y**3. Let u(b) = 11*b**3 + 5*b**2 - b - 6. Suppose -2*c = 1 + 1. Let s(v) = c*u(v) - 5*j(v). Calculate s(-1).
6
Let m(g) be the second derivative of -g**5/20 - 5*g**4/6 + g**3/6 + 7*g**2/2 + 39*g. What is m(-10)?
-3
Let c(o) = -o**3 + 3*o**2 + 3*o + 2. Let w(y) = y**3 - 8*y**2 + 5*y + 6. Let p be w(7). Let d be (-38)/p + 12/(-16). What is c(d)?
-2
Let s be 15/9 - (-4)/(-6). Let k be 0 - -2 - (3 + s). Let r(v) = 2*v**3 + v**2 - 2*v + 1. Give r(k).
-7
Suppose 5*g - 5*x + 12 = 27, -g = 3*x + 1. Suppose -y + 3 = 2*c - 0, -g*y + c + 1 = 0. Let v(o) = -11*o**3 + 2*o**2 - 1. Determine v(y).
-10
Let m(z) = -z**2 - z + 1. Let p(b) = -2*b**2 - 3*b - 1. Let i(l) = -3*m(l) + p(l). Calculate i(4).
12
Let g = 4 - 1. Suppose -g*m = 2*p + 23, -m - 1 = -3*p + 2*p. Let d(i) = i**2 + 5*i + 2. Give d(p).
-2
Let i = -2 + 5. Suppose 5*s - 4*y = y + 25, i*y + 9 = 0. Let l(z) = s*z + 6 - z - 3*z. Give l(4).
-2
Let p(z) be the first derivative of -z**4/24 + z**3/6 + 2*z**2 - 3. Let s(y) be the second derivative of p(y). Give s(-4).
5
Let v(t) = t**2 + 3*t - 3. Let k be (1/(-3))/(((-2)/15)/(-2)). Calculate v(k).
7
Let b(i) be the first derivative of i**3/3 - 2*i**2 - 5*i + 1. Suppose 6 = w + 1. Let d be b(w). Let p(g) = -g**2. Give p(d).
0
Let c = 9 + -8. Let m(h) = -1. Let a(t) = 4*t - 4. Let n(g) = c*a(g) - 5*m(g). Calculate n(2).
9
Let v be 12*(32/(-6))/(-8). Let s(t) = -t**3 + 7*t**2 + 9*t + 3. Give s(v).
11
Let i(k) = -k**2 + 2*k - 1. Suppose 4*d = h - 18, 0*d = 2*d + 8. Give i(h).
-1
Let o = -11 + 9. Let f be (-2 - (-1 + o))*0. Let v(p) = -p - 1. Determine v(f).
-1
Suppose 0 = -3*f - 3*i + 12, -4*f - 20 = f - 5*i. Suppose -4 = -2*w - f. Let s(m) = -2*m - m**2 + 1 + 2*m**w + m**2 + m**3. Calculate s(1).
2
Let n(c) = -c**3 - 6. Let y be n(0). Let d(v) = v + 6. What is d(y)?
0
Let p = -9 - -14. Suppose 0*u + 3*u - 18 = p*r, 5*r + 10 = -5*u. Let b(t) = -4*t**3 + 2*t**2 - t. What is b(u)?
-